3 is divided by 44.
43
Calculate the remainder when 36 is divided by 12.
0
What is the remainder when 122 is divided by 12?
2
What is the remainder when 11 is divided by 5?
1
What is the remainder when 2517 is divided by 125?
17
Calculate the remainder when 110 is divided by 30.
20
What is the remainder when 1179 is divided by 119?
108
What is the remainder when 379 is divided by 189?
1
What is the remainder when 443 is divided by 57?
44
Calculate the remainder when 56 is divided by 29.
27
Calculate the remainder when 98 is divided by 34.
30
What is the remainder when 142 is divided by 101?
41
What is the remainder when 86 is divided by 45?
41
What is the remainder when 248 is divided by 30?
8
What is the remainder when 2858 is divided by 55?
53
What is the remainder when 4289 is divided by 130?
129
Calculate the remainder when 85 is divided by 43.
42
What is the remainder when 1033 is divided by 45?
43
Calculate the remainder when 146 is divided by 67.
12
Calculate the remainder when 919 is divided by 5.
4
What is the remainder when 273 is divided by 153?
120
Calculate the remainder when 1752 is divided by 19.
4
What is the remainder when 810 is divided by 265?
15
What is the remainder when 193 is divided by 5?
3
What is the remainder when 372 is divided by 128?
116
What is the remainder when 1482 is divided by 211?
5
Calculate the remainder when 277 is divided by 95.
87
Calculate the remainder when 372 is divided by 94.
90
What is the remainder when 718 is divided by 60?
58
Calculate the remainder when 128 is divided by 11.
7
Calculate the remainder when 786 is divided by 30.
6
Calculate the remainder when 177 is divided by 4.
1
What is the remainder when 36 is divided by 13?
10
What is the remainder when 428 is divided by 24?
20
What is the remainder when 181 is divided by 48?
37
Calculate the remainder when 1193 is divided by 7.
3
Calculate the remainder when 52 is divided by 4.
0
What is the remainder when 396 is divided by 193?
10
Calculate the remainder when 26 is divided by 7.
5
Calculate the remainder when 72126 is divided by 224.
222
What is the remainder when 757 is divided by 5?
2
Calculate the remainder when 127 is divided by 27.
19
What is the remainder when 273 is divided by 23?
20
What is the remainder when 70 is divided by 21?
7
Calculate the remainder when 977 is divided by 205.
157
Calculate the remainder when 703 is divided by 42.
31
What is the remainder when 2399 is divided by 10?
9
What is the remainder when 553 is divided by 101?
48
What is the remainder when 8255 is divided by 258?
257
What is the remainder when 40 is divided by 1?
0
What is the remainder when 4695 is divided by 235?
230
What is the remainder when 225 is divided by 59?
48
What is the remainder when 512 is divided by 47?
42
Calculate the remainder when 1100 is divided by 1084.
16
What is the remainder when 232 is divided by 34?
28
Calculate the remainder when 130 is divided by 29.
14
Calculate the remainder when 1620 is divided by 29.
25
What is the remainder when 72 is divided by 70?
2
Calculate the remainder when 820 is divided by 49.
36
Calculate the remainder when 375 is divided by 54.
51
What is the remainder when 357 is divided by 28?
21
What is the remainder when 422 is divided by 53?
51
What is the remainder when 1837 is divided by 1805?
32
What is the remainder when 1531 is divided by 21?
19
Calculate the remainder when 84 is divided by 11.
7
Calculate the remainder when 5667 is divided by 9.
6
Calculate the remainder when 1368 is divided by 3.
0
What is the remainder when 194 is divided by 31?
8
Calculate the remainder when 9 is divided by 2.
1
What is the remainder when 200 is divided by 102?
98
What is the remainder when 603 is divided by 55?
53
What is the remainder when 1092 is divided by 155?
7
What is the remainder when 559 is divided by 151?
106
What is the remainder when 2773 is divided by 99?
1
What is the remainder when 183 is divided by 11?
7
Calculate the remainder when 309 is divided by 150.
9
Calculate the remainder when 86 is divided by 29.
28
What is the remainder when 1941 is divided by 646?
3
Calculate the remainder when 2658 is divided by 20.
18
What is the remainder when 557 is divided by 143?
128
What is the remainder when 277 is divided by 10?
7
What is the remainder when 686 is divided by 46?
42
What is the remainder when 115 is divided by 13?
11
Calculate the remainder when 926 is divided by 58.
56
Calculate the remainder when 30 is divided by 21.
9
What is the remainder when 318 is divided by 103?
9
What is the remainder when 23 is divided by 15?
8
What is the remainder when 2031 is divided by 37?
33
What is the remainder when 3150 is divided by 197?
195
Calculate the remainder when 153 is divided by 41.
30
What is the remainder when 112 is divided by 111?
1
What is the remainder when 9590 is divided by 88?
86
What is the remainder when 2050 is divided by 158?
154
Calculate the remainder when 584 is divided by 72.
8
Calculate the remainder when 1979 is divided by 34.
7
What is the remainder when 7476 is divided by 170?
166
Calculate the remainder when 3963 is divided by 62.
57
What is the remainder when 105 is divided by 105?
0
Calculate the remainder when 65 is divided by 61.
4
What is the remainder when 1451 is divided by 121?
120
What is the remainder when 721 is divided by 162?
73
What is the remainder when 279 is divided by 4?
3
What is the remainder when 586 is divided by 166?
88
Calculate the remainder when 448 is divided by 27.
16
Calculate the remainder when 255 is divided by 75.
30
Calculate the remainder when 299 is divided by 147.
5
What is the remainder when 1733 is divided by 38?
23
What is the remainder when 5657 is divided by 138?
137
Calculate the remainder when 949 is divided by 26.
13
What is the remainder when 34138 is divided by 15?
13
What is the remainder when 410 is divided by 35?
25
What is the remainder when 11219 is divided by 51?
50
What is the remainder when 670 is divided by 11?
10
Calculate the remainder when 356 is divided by 348.
8
Calculate the remainder when 33 is divided by 23.
10
What is the remainder when 179 is divided by 31?
24
Calculate the remainder when 203 is divided by 10.
3
Calculate the remainder when 52 is divided by 14.
10
What is the remainder when 305 is divided by 6?
5
Calculate the remainder when 1738 is divided by 87.
85
Calculate the remainder when 3011 is divided by 11.
8
Calculate the remainder when 234 is divided by 69.
27
Calculate the remainder when 41 is divided by 1.
0
What is the remainder when 2860 is divided by 16?
12
Calculate the remainder when 891 is divided by 19.
17
What is the remainder when 818 is divided by 135?
8
Calculate the remainder when 428 is divided by 88.
76
Calculate the remainder when 907 is divided by 9.
7
What is the remainder when 385 is divided by 123?
16
Calculate the remainder when 531 is divided by 42.
27
What is the remainder when 21237 is divided by 259?
258
Calculate the remainder when 747 is divided by 367.
13
What is the remainder when 1369 is divided by 273?
4
What is the remainder when 2875 is divided by 48?
43
What is the remainder when 33811 is divided by 117?
115
Calculate the remainder when 2961 is divided by 56.
49
What is the remainder when 90 is divided by 46?
44
Calculate the remainder when 236 is divided by 17.
15
Calculate the remainder when 299 is divided by 52.
39
Calculate the remainder when 721 is divided by 61.
50
Calculate the remainder when 4611 is divided by 47.
5
Calculate the remainder when 12493 is divided by 357.
355
What is the remainder when 73 is divided by 7?
3
Calculate the remainder when 130 is divided by 22.
20
Calculate the remainder when 74 is divided by 43.
31
Calculate the remainder when 334 is divided by 145.
44
What is the remainder when 2146 is divided by 429?
1
What is the remainder when 599 is divided by 68?
55
What is the remainder when 390 is divided by 28?
26
What is the remainder when 8865 is divided by 49?
45
Calculate the remainder when 120 is divided by 31.
27
Calculate the remainder when 783 is divided by 214.
141
Calculate the remainder when 331 is divided by 6.
1
Calculate the remainder when 14505 is divided by 93.
90
Calculate the remainder when 895 is divided by 297.
4